1, -5*c - 31 = -g*n. Let j(o) = 8*o**2 - 1 - 1 - 3*o**n + 3. Give j(-1).
6
Let d(u) = u + 2. Let r be d(6). Suppose 3*f - r = n, -5*f + n = -f - 10. Let g be f/6 - 26/6. Let i(v) = v**3 + 4*v**2 - v - 3. Determine i(g).
1
Let k(i) = -22*i**2 - 5*i + 23*i**2 + 2*i + 4 - 5*i. Calculate k(7).
-3
Let y be (3/(-4))/((-2)/(-8)). Let w = 0 - -2. Let o(f) = f - w - 2*f - f. Give o(y).
4
Let j(s) = -5*s - 3*s + 0 + 5*s + 1. Calculate j(-1).
4
Let p(s) = s**3 + 2*s**2 - s. Let z be p(1). Suppose 5*b + 2 + 31 = 4*j, -2*b = z*j + 6. Let v(t) = -2*t - 1 - 2*t**j + 0 + 2*t**3 - t**3. Give v(3).
2
Let b(y) = y + 2. Let l = 2 + 2. Suppose l*p + 12 = -4. Let i be p/((-24)/(-9))*2. What is b(i)?
-1
Let j(g) = 7*g + 1 + g - 5*g - 2*g. Determine j(0).
1
Suppose 20*t - 49 = 27*t. Let l(s) = s**3 + 6*s**2 - 5*s - 9. Calculate l(t).
-23
Suppose -3*v + 4*v + 10 = 2*w, -2*w + 5*v + 10 = 0. Let k(t) = t**2 - 4*t - 7. What is k(w)?
-2
Let j(l) be the third derivative of -l**8/840 + l**7/2520 + l**6/360 + l**5/120 - l**4/8 + l**2. Let u(w) be the second derivative of j(w). What is u(-1)?
8
Let g(c) = c**3 + 6*c**2 - 7*c + 3. Let t be (0/(-1) - -2)*(-105)/30. Determine g(t).
3
Let d(w) = -w**2 - 1 + 3*w - 2 + 5 + 5. What is d(6)?
-11
Let t(g) = 6*g. Let c(a) = -2*a. Let h(n) = -14*c(n) - 5*t(n). Give h(-6).
12
Let m = 18 - 15. Suppose 0 = 9*x - m*x + 12. Let k(y) = -2*y**2 - 3*y - 3. Calculate k(x).
-5
Let n(p) = p**2 + p + 1. Let l(i) = i**3 + 2*i**2 - 8*i + 1. Let c(m) = l(m) + 2*n(m). Give c(-5).
8
Let x = 8 - 6. Let k(z) = -1 - 2*z**2 - z + x*z - 3*z**3 - z**2 + 4*z**3. Calculate k(2).
-3
Suppose 0 = -5*c - 11 - 14. Let a(z) = -z**2 - 4*z - 5. Determine a(c).
-10
Let o(h) = -h**3 + 9*h**2 - 9*h + 12. Let f be o(8). Let t(z) = 0*z + 0*z - f*z - 2*z. Determine t(1).
-6
Let n(u) = u + 1. Let q(i) = -i**2 - 7*i. Let r be q(-6). Suppose 12 = -3*k - r. What is n(k)?
-5
Let r(w) = -3*w - 3. Let b be r(-3). Let c(i) = -42574*i**2 + i**3 + i**3 - 3*i**3 + 6*i - 1 + 42579*i**2. Give c(b).
-1
Let h(m) be the second derivative of -7*m + 0 - m**2 + 1/12*m**4 - 7/6*m**3. Give h(6).
-8
Let l(r) = r + 2. Let s = -9 + 16. Suppose -s = -4*q + 1. Let z be q/((8/5)/4). What is l(z)?
7
Let z be (0 - -2) + (-1 - -2). Suppose 0 = -z*m + m - 2*x + 8, -4*m + 4*x = -24. Let q(s) = s**2 - 6*s + 1. Determine q(m).
-4
Suppose -10 = 3*m - 4*n - 36, -3*m - 2*n = 4. Suppose 0 = -2*g - m, -5*g + 0 - 8 = o. Let x(k) = -3*k - 4. Calculate x(o).
5
Let f = -3 + 2. Let h(r) be the first derivative of r**2/2 + r + 126. Determine h(f).
0
Let t be (7 + -1)*(-1)/(-2). Let d(o) be the first derivative of t - 1/3*o**3 + 1/2*o**2 - o. Give d(-2).
-7
Let b(h) = -h**3 - 10*h**2 - 8*h + 12. Let r = 64 + -73. Give b(r).
3
Suppose 10*q = 4*q + 36. Suppose -h + 4 = h. Let v(f) = 5*f**2 + 4*f**h - q*f**2 + f**3 - 4*f - 5*f**2. What is v(3)?
-3
Suppose 4*z - 4 + 12 = 0. Let a(d) = 7*d + 1. Let s(o) = 15*o + 1. Let l(t) = 5*a(t) - 2*s(t). Give l(z).
-7
Let w(y) = -6 + 1 + 0 + 5*y - 7. Give w(8).
28
Let g(z) = 29*z + 27. Let b(o) = 7*o + 7. Let d(v) = 9*b(v) - 2*g(v). What is d(-6)?
-21
Let p = 7 - 12. Let b(a) = 4*a + 6. Determine b(p).
-14
Let o(s) = -3 - s + 2 - 3*s**2 - 3*s**2. Let f = 3 - 1. Suppose -f = -2*i, -z + 5*i - 2 = 4*i. Calculate o(z).
-6
Let o(j) = -j**2. Let h(v) = -5*v**2 + 2*v. Let k(w) = h(w) - 4*o(w). Determine k(3).
-3
Let a(j) = 2*j + 4. Let d = -6 - -3. Let q(c) = 2*c + 3. Let b(f) = d*q(f) + 2*a(f). Let z = 14 + -15. Calculate b(z).
1
Suppose 2*x + 2*w + 2*w = 0, -3*x + 5*w = -33. Let q(k) = k**2 - 6*k + 4. What is q(x)?
4
Let q(s) = s**2 - 6*s - 4. Let f(c) = 6*c**2 - 31*c - 20. Let h(y) = -2*f(y) + 11*q(y). Suppose -3*i + 2*i - 4 = 0. Give h(i).
-4
Let k = 0 - -3. Let f(r) be the third derivative of 0 + 1/6*r**4 - 1/60*r**5 + 0*r**3 + 0*r - r**2. Calculate f(k).
3
Let d(l) be the first derivative of l**4/2 - 2*l**3/3 - l**2 - 3*l - 12. Determine d(-2).
-23
Suppose -2 = 2*y - 6. Let s(z) = -z**2 + y*z**3 - 5*z - 3*z**3 - 4 + 5*z**2 + 2*z**2. What is s(5)?
-4
Let r be (-14)/(-4) + 5/(-50)*5. Let t(y) = 4*y + 4 - 3*y**2 + y**2 - y. Give t(r).
-5
Let v(h) = h**3 - 5*h**2 - 8*h - 5. Suppose 0*w + 5*m + 17 = 2*w, -m = 1. What is v(w)?
-17
Suppose -5*k + 6 = -4. Suppose 0*l - 2*l + k = 0. Let j(h) = 3*h**2 + 1. Determine j(l).
4
Let p = 30 + -36. Let t(b) = -b**3 - 5*b**2 + 3*b - 5. Calculate t(p).
13
Suppose 3*a = 2*a + 3. Let i = -4 + a. Let f(n) = -7*n**2 - n. Calculate f(i).
-6
Let f(g) = -g**2 - 5*g - 1 - 2 - 1 + 1. Let h(d) = -d**3 + 3*d - 3. Let j be h(2). Calculate f(j).
-3
Suppose -4*h = h - 35. Let x = 12 + -24. Let z = x + h. Let b(m) = -m**2 - 6*m - 6. Determine b(z).
-1
Let d(t) = t - 1. Let f be d(3). Let w(h) = 5*h - 2 - 3 + 2 - f*h. Determine w(4).
9
Let n(z) = -3*z + 2. Suppose -4*t - 1 + 9 = -4*r, -1 = -r. Determine n(t).
-7
Let r(x) be the second derivative of x**4/12 + 2*x**3/3 - 3*x**2 - x. Let s be (-2)/(-7) - 32/14. Let h be -2*(1/s - -3). Calculate r(h).
-1
Let w(o) = -o**2 - o - 1. Let h(v) = -v**2 + 3*v - 7. Let i(n) = -h(n) + 2*w(n). Determine i(-6).
-1
Let p be (-260)/(-70) + (-2)/(-7). Suppose 0 = t + 2 - 4. Let s(n) = -n + 5 + 2*n**t + 4*n - 3*n**2. Determine s(p).
1
Let g(i) = 6*i**3 - 6 + 6*i**2 - i - i**3 - 4*i**3. Give g(-6).
0
Let k(u) = u**3 + u**2 - 1. Let g(p) = 2*p + 8. Let c(h) = -h - 7. Let m(z) = 3*c(z) + 2*g(z). Let l be 78/21 + 2/7. Let b be m(l). Calculate k(b).
-1
Let f(p) = -p**2 + 8*p - 7. Let i(b) = b - 1. Let x be i(-5). Let s(v) = -v**2 - 8*v - 7. Let o be s(x). Give f(o).
8
Let v(l) be the second derivative of 0 - l + 1/2*l**2 + 1/6*l**3. What is v(0)?
1
Suppose -5*u = -1 - 4. Let d(z) = -z**2 + 2*z - 1. Determine d(u).
0
Let m(w) be the first derivative of w**4/4 + 5*w**3/3 - 3*w**2 - 3*w + 15. Give m(-6).
-3
Suppose -4*x + 20 = 0, 4*c + 4*x + 22 + 66 = 0. Let j = -16 - c. Suppose 3*l = 2*a + 8, -5*l + 27 = -4*a + j. Let g(o) = o**3 + o**2 + o - 4. Calculate g(l).
-4
Let t(z) = z**3 + 8*z**2 + 10*z + 6. Suppose -5*m - 45 = -15. What is t(m)?
18
Let j(h) = h**2 - 5*h + 4. Let g be j(5). Let d(q) be the first derivative of 3 + 5*q - 5/2*q**2 + 5/3*q**3 - 1/4*q**g. What is d(4)?
1
Let j(v) be the third derivative of 0 - 1/6*v**3 - 2*v**2 + 0*v - 5/24*v**4 + 1/60*v**5. Suppose 0 = -2*g - 4*c + 10, -3*g + 3*c - 7*c + 15 = 0. Calculate j(g).
-1
Let c(n) be the first derivative of n**3/3 - n**2 - 3*n - 1. Suppose 0 = -2*t + 2 - 6. Calculate c(t).
5
Let b(p) = -p**2 + 7*p + 5. Suppose -19 = -3*c + 2. What is b(c)?
5
Let o(k) = -k**3 - 8*k**2 + 7. Let l be o(-8). Let g = l - 5. Let c(v) = 3*v**2 - v - 1. What is c(g)?
9
Let l(h) = -h - 4. Let k be l(-6). Let g(b) = b**3 - 2*b**2 - 1. Calculate g(k).
-1
Let t = 13 + -8. Let m(h) = -t*h**3 + 3 + 6*h**3 + 3*h**2 - 1. Let z(u) = -u**3 - 6*u**2 - 6*u - 7. Let q be z(-5). What is m(q)?
6
Let i = -9 + 3. Let w(y) be the third derivative of -y**5/120 - y**4/4 + y**3/2 + 2*y**2. Let j(x) be the first derivative of w(x). Calculate j(i).
0
Suppose -4*p + 23 = -5*h, -9 = -3*h - 5*p - 45. Let d = h - -7. Let c(j) = j**3 + j**2 + j + 12. What is c(d)?
12
Let i(k) = -15*k**2 + 3 - 2 + 2. Let c(v) = 5*v**2 - 1. Let n(h) = -7*c(h) - 2*i(h). Give n(1).
-4
Let a(y) = 4*y**2 - 6*y + 4. Let d(h) = -7*h**2 + 12*h - 7. Let q(u) = -5*a(u) - 3*d(u). Calculate q(6).
1
Let a(o) = 3*o**2 + 1. Let s be a(-1). Suppose q - 5 = -s*q. Let u be 0/(-1) - (q - 0). Let l(x) = 4*x**2. Determine l(u).
4
Let x(v) be the second derivative of 0 + 2*v - 1/12*v**4 + 3/2*v**2 + 5/6*v**3. Give x(3).
9
Let j(w) = w**2 + w + 2. Let n(d) = 4*d**2 + 4*d + 7. Let o(v) = 7*j(v) - 2*n(v). Determine o(-3).
-6
Suppose 5*q + z + 0 - 5 = 0, -3*q = -5*z - 31. Let j(x) = 3*x**2 + 2*x - 9. Let d(s) = -2*s**2 - s + 5. Let u(g) = 7*d(g) + 4*j(g). What is u(q)?
-7
Let z(u) be the third derivative of -u**5/30 + u**4/4 + 7*u**3/6 + 26*u**2. Determine z(5).
-13
Let x(w) = -2*w**2 + 3 - 3 - 3 + 4*w. Let h(i) = -i**2 + i. Let z(g) = -4*g**2 - 2. Let s(b) = 3*h(b) - z(b). Let j be s(-3). Give x(j).
-3
Let h(t) = -1 + 6*t**2 - 14*t + 14*t. What is h(-1)?
5
Let k(j) = -j - 3. Suppose 3*v - x = -116 + 10, -4*v = -3*x + 138. Let n be 1/(-4) + 171/v. What is k(n)?
2
Let r(x) = -13*x - 5. Let a(f) = -38*f - 14. Let w(z) = 6*a(z) - 17*r(z). Let p(h) = 2*h**2 - 57*h + 131. Let o 